) = n**2 + 19*n + 71. What is the hundreds digit of w(-21)?
1
Suppose -3*p + 4 = -2*p. Let d(q) = 3*q - 1. Let b be d(2). Suppose p*a + h - 3*h - 86 = 0, -2*a - b*h + 49 = 0. What is the tens digit of a?
2
Suppose -4*u + 137 = 4*c - 75, -c + 33 = -4*u. What is the units digit of c?
9
Let v(o) = 1. Let u(b) = 2*b**2 + 5*b. Let c(i) = u(i) - 4*v(i). Let m(z) = z**3 - 5*z**2 - 7*z + 2. Let y be m(6). What is the units digit of c(y)?
8
Let a(k) = -4*k - 3. Let y be a(-3). Suppose -7*i + y = -6*i. What is the units digit of i?
9
Suppose 4*z = 55 + 257. What is the units digit of z?
8
Let f = 3 - 1. Suppose 0*t - 151 = -5*t - 4*v, -f*t - 4*v + 58 = 0. What is the units digit of t?
1
Let l = 1 - 1. Let u = 1 + l. What is the units digit of 1 - (-1 - 6)*u?
8
Let k be (4/(-5))/((-8)/20). Suppose 4*y = t - k*t + 23, -22 = -5*y + t. Suppose -4*s + 3*g + g = -48, -32 = -s + y*g. What is the units digit of s?
7
Suppose a + 0*a = 5. Suppose 2*t - 46 = -2*s, 0 = -s + a*t - t + 13. What is the units digit of s?
1
Suppose -5*b - 55 = -2*d + d, -2*d + 94 = -2*b. What is the units digit of d?
5
Let o(w) = 6*w + 1. Let n be o(1). Let d(z) = -z**3 + 9*z**2 - 8*z. What is the units digit of d(n)?
2
Suppose -3*q + 6 = -6. Suppose q*y = -5*h + 20, 3*h - 4*y = -10 - 10. Suppose h = -3*i + 10 + 11. What is the units digit of i?
7
Let l(c) = c**2 - 9*c - 3. What is the tens digit of l(12)?
3
Let c(s) = s**2 + 5*s - 2. Let i be c(-4). Let u = i + 14. What is the units digit of u?
8
Let u = 33 + -30. What is the units digit of u?
3
Suppose 3*f - 35 = 2*f. What is the tens digit of f?
3
Suppose 17 - 5 = 3*j. Suppose j = 3*w - 2. What is the units digit of w?
2
Let f(p) = -11*p + 1. What is the tens digit of f(-19)?
1
Let x = -3 - -8. What is the units digit of x?
5
Suppose 0 = 4*c + 3*v - 239, -7*v + 2*v = c - 64. What is the units digit of c?
9
Let m be (-78)/(-2) + (0 - -1). What is the units digit of ((-2)/(-5))/1*m?
6
Suppose c + 3*i - 10 = 0, -c + 2*i + 9 = 4*i. Let j = -3 + c. What is the units digit of j?
4
Let t = -2 + 8. Suppose 0 = -2*w + h + t, -4*w + h - 4 + 14 = 0. What is the units digit of w?
2
Let b(h) = 6*h**2 - 5*h - 2. Let s be b(4). Suppose 2*y + 5*a = 5*y - s, 94 = 5*y - a. What is the units digit of y?
8
Let b be (8 + -9)/(1/24). What is the tens digit of b/9*(-8 + 2)?
1
Let s(l) = 6*l - 6. Let a(z) = 5*z - 6. Let o(u) = 4*a(u) - 3*s(u). Let f be o(5). Suppose 2*b = f*b - 4. What is the units digit of b?
2
Suppose -5*s + 130 = -3*s. Let t = s - 44. What is the tens digit of t?
2
What is the units digit of (4 + -1)*(-2)/(-1)?
6
Suppose b = 4*w - 5, -2*b = -3*b + 2*w - 1. Suppose 69 = 5*l + b*x, 0 = 7*l - 3*l - x - 45. What is the tens digit of l?
1
Let f(y) = 2*y**3 - y**2 + 2*y - 1. Let q be f(1). Let r be -1*q*-2 + -1. Suppose g = -r*g + 16. What is the units digit of g?
4
Let n be 2*7/2*-1. Let b = 13 + n. Suppose 0 = j - 14 + b. What is the units digit of j?
8
Let h = 9 - -4. Let z(n) = -n**2 + 15*n + 18. What is the units digit of z(h)?
4
Suppose -18 = -3*n + 4*i, n + 2*i + 0 = -4. Suppose 7*v + 5*v + 12 = 0. What is the units digit of n + (v - 0)*-3?
5
Suppose -136 + 456 = v. What is the units digit of v?
0
Let o = 1 + 0. Let l(w) = 2*w**2 - w**2 - w**2 + 7*w**2. What is the units digit of l(o)?
7
Suppose 10 = 2*a + 3*u, -2*a + 2*u = 4 - 14. Suppose -a*x + 122 = 3*g, -x - x + g = -40. What is the units digit of x?
2
Suppose -4*y = 3*f - 11, -3 = -4*y + 4*f + 1. Suppose -y*u - 6 = -5*u. Suppose c + u = 3*c. What is the units digit of c?
1
Let i(t) = t**2 - 10*t + 12. Let j be i(9). Let m(c) = -j*c**2 - 4 - 3*c**3 + 2*c**2 - c + 4*c**3. What is the tens digit of m(3)?
1
Suppose 5*q - 830 = -5*t, -2*t - 3*q + 4*q = -326. What is the units digit of t?
4
Suppose -5*h + 28 = -47. Suppose -4*b + h = -17. What is the units digit of b?
8
Let f = 4 - 3. Let t be (-1 + 3)*(6 + f). What is the units digit of ((-21)/t)/(1/(-4))?
6
What is the units digit of (-2)/(-4)*266/7?
9
Suppose 0 = 7*x - 9*x + 342. What is the hundreds digit of x?
1
Suppose 0*u + o = 4*u - 145, -5*o - 113 = -3*u. What is the units digit of u?
6
Let d be (0 - -8)*(-1)/2. Let b be (-7)/((-6)/d - 1). Let x = 0 - b. What is the units digit of x?
4
What is the hundreds digit of (30 - -1)*6 + 5?
1
Let u(c) = -10*c + 4 - 18 - c**2 + 2*c**2. What is the units digit of u(12)?
0
Suppose 0 = 2*q + 101 - 433. What is the units digit of q?
6
Let n = -3 - -7. Suppose z - 2*z + n = 0, 0 = v + 4*z - 26. What is the tens digit of v?
1
Let a = 18 + -12. What is the units digit of a?
6
Let i = -28 - -14. Suppose 66 = -4*h + h. Let l = i - h. What is the units digit of l?
8
Let c = -5 - -12. Let w = c + -6. What is the units digit of w?
1
Let k = -43 - -81. What is the units digit of k?
8
What is the tens digit of 37 - 6*5/10?
3
Suppose 0 = -6*w + 3*w + 18. Suppose j - 16 = b - w*b, -5*b + 2*j + 28 = 0. What is the units digit of b?
4
What is the units digit of 145*4*15/100?
7
Let l be 42/10 - 6/30. Let p be 2/l*(12 - 6). Suppose -v = 5*i - i - p, -v = 5. What is the units digit of i?
2
Let c = 72 - 51. What is the units digit of c?
1
Let a = -123 + 230. What is the tens digit of a?
0
Suppose 0 = -8*f + 1583 - 7. What is the units digit of f?
7
Let p(v) = -3*v - 4. Let t = -4 - 0. What is the units digit of p(t)?
8
Let t(o) = 50*o - 48. What is the units digit of t(4)?
2
Suppose 0 = 2*h - 2*n + 4, -2*h + n = -0*h. What is the units digit of 197/15 - h/15?
3
Let u(l) = -l**3 - l**2 - l - 1. Let h(g) = 3*g**3 + 3*g**2 + 3*g + 27. Let q(x) = h(x) + 4*u(x). What is the units digit of q(0)?
3
What is the units digit of ((-15)/(-75))/((-2)/(-1630))?
3
Let f = 12 - 26. What is the units digit of 180/28 + 6/f?
6
Let q = -1 + 15. Suppose 0 = -2*u + 16 + q. What is the tens digit of u?
1
Let n(t) = -t**3 + 6*t**2 - t + 8. Let b be (1 - -1) + (-28)/(-7). Let j be n(b). What is the units digit of j/((-5)/(30/(-4)))?
3
Suppose 358 = 5*w - 3*p, 2*w - 127 = 4*p + 19. What is the tens digit of w?
7
Let a(q) = q**3 + 5*q**2 + 2*q - 1. Let u(g) = -g**2 + 4*g. Let d be u(3). Suppose 1 + d = -z. What is the units digit of a(z)?
7
Let a(i) = 2*i + 31. What is the units digit of a(0)?
1
Let i be 2/2 - (2 - 2). Let c(l) = 14*l. What is the tens digit of c(i)?
1
Suppose -58 = -4*m - 10. Let s = m + 12. What is the units digit of s?
4
What is the units digit of (2630/25)/(-2*(-4)/20)?
3
Suppose 5*v - 18 = -3. What is the units digit of 46/8 + v/12?
6
Suppose 9*v - 6*v + 195 = 0. What is the units digit of (8/(-2))/(10/v)?
6
Let p(t) = 2*t + 9. Let v be p(-9). Let z(w) = w**2 + 9*w + 1. What is the units digit of z(v)?
1
Suppose 4*l - 210 = 142. What is the tens digit of l?
8
Suppose 12 = -4*w + 220. What is the units digit of w?
2
Let b be -2 + 3 + 2 - 1. What is the units digit of (2 + -3)*-3*b?
6
Let l(m) = -4 - 3 + 0 + 6 - 11*m. What is the tens digit of l(-2)?
2
Let l = -2 + 1. Let j be 51/12 + l/4. Suppose i = -2*q + 12, 23 + 31 = 5*i + j*q. What is the tens digit of i?
1
Suppose 0 = 2*b - 2*l + 8, -3*b + 0 = 5*l - 4. Suppose -3*t = -y - 4*y + 32, 4*y = -2*t - 36. What is the units digit of ((-12)/(-14))/(b/t)?
6
Suppose 4*u + u - 20 = 0. Suppose 2 = -u*h - 6. What is the tens digit of 1*h*(-13 + 6)?
1
Suppose -5*q + 32 - 12 = 0. Suppose 3*s - 4 = -r, 2*s - q*s = 0. Suppose r = 4*a - 4. What is the units digit of a?
2
What is the tens digit of 92/2 + 1 + -3?
4
Suppose -6*k + 3*k - 34 = -5*t, -t = -4*k. Suppose -t*c - 60 = -4*c. Let v = 23 + c. What is the units digit of v?
8
Let x = 65 + -41. What is the units digit of x?
4
What is the tens digit of (-2)/(-3) + (6 - 2191/(-21))?
1
Let t = 23 + -37. Let x = t + 15. What is the units digit of x?
1
Let x(n) = -6*n - 1. What is the units digit of x(-5)?
9
Let o be 0 + (3 + -1)/(-2). Let q be 8/(o*6/(-3)). Suppose -3*d = q*i - 17, -4*d + 29 = -6*i + 5*i. What is the units digit of d?
7
What is the tens digit of ((-3)/2)/(2/(-28))?
2
Let t = -4 - -52. What is the tens digit of t?
4
Let d(l) = 2*l**2 + 7*l + 4. Let m be d(-4). Let y = m - 6. Suppose 0 = 3*q + 6, -2*x = y*x + 5*q - 10. What is the units digit of x?
5
Let d(a) = -a**3 + a**2 - a + 6. Let t(q) = q**2 + 6*q + 5. Let n be t(-5). What is the units digit of d(n)?
6
Let y = 161 + -83. What is the units digit of y?
8
Le